igit of t?
0
Let h = 5 - 1. What is the units digit of (-582)/h*(-16)/24?
7
Suppose -40*x - 9795 = -55*x. What is the units digit of x?
3
Let b(s) = -s**3 + 6*s**2 - 2*s + 1. Suppose 2*r - 15 = -9. What is the tens digit of b(r)?
2
Let s(y) = y**3 + 6*y**2 + 5*y + 4. Let u be s(-5). Suppose k + 30 = u*k. Suppose -7*q = -2*q - k. What is the units digit of q?
2
Let i be (77/(-3))/(21/9 + -2). Let f = i - -317. What is the hundreds digit of f?
2
Let f(a) = -2*a**3 + 5*a**2 + 8*a - 6. Let g be f(6). Suppose 5*t - 369 = -384. What is the units digit of g/(-2 + t) + 4?
6
Suppose -2*a = -x - 9, -5*x - 6 = 2*a + 15. Let y = -98 - -148. Suppose -y = -a*w + 24. What is the tens digit of w?
3
Let d(r) = 2*r**3 - 5*r**2 + 14*r + 2. Let w be d(6). Suppose -6*v + w = -298. What is the units digit of v?
6
Suppose -25 = 5*t, 17 = -2*w + 3*t + 2. Let s = 20 + w. Suppose -n + 3*r + 45 = 0, 0*n - 2*r + 157 = s*n. What is the units digit of n?
3
Suppose -5*u = 3*g - 4 - 6, -u + 2 = -3*g. Let d = u + -10. Let n(m) = -m**3 - 8*m**2 + m + 9. What is the units digit of n(d)?
1
Suppose -4*q + 719 = v, 17*q + 3*v + 349 = 19*q. What is the units digit of q?
9
Suppose 3*g + 0*g = 0. Suppose -3*a + g*r = -r - 7, 0 = -4*a + r + 11. Suppose -q + 5*x = a*q - 30, -3*x = -15. What is the units digit of q?
1
Let a be (21/(-15))/(1/(-5)). Let c = 18 + a. What is the units digit of c?
5
What is the hundreds digit of 2*3 + 4009/19?
2
Let t be (-321)/15 + (-4)/(-10). Let k = t - -38. What is the tens digit of k?
1
Let s be (-5)/((-10)/(-4)) + 3. Let a be (12/8)/(s/(-2)). Let o = 27 + a. What is the tens digit of o?
2
Let w = 318 - 158. Suppose -4*a - w = -976. What is the tens digit of a?
0
Let j(a) = 17*a. Let w be j(1). Let c = w - -3. Suppose -40 - c = -4*d. What is the units digit of d?
5
Let l be -1*1 - 5/(-5). Suppose 247 = 2*b + 79. Suppose -4*m + b - 8 = l. What is the units digit of m?
9
Let k = -79 - -82. What is the tens digit of ((2 - 6) + 70)/(k + -2)?
6
Suppose 0*s - 5*n = 3*s - 63, -4*s + 3*n = -55. Let g = s - 12. Suppose -2*i - 62 = -g*i. What is the units digit of i?
1
Suppose 2*z = 5*y - 143, 4*y = 3*z + 2*z + 315. Let m = 115 + z. What is the units digit of m?
6
Let i = 405 - -226. What is the hundreds digit of i?
6
Suppose -2*t + 593 = -3*b + 164, -5*b = 3*t - 615. What is the units digit of t?
0
Let n be -1*4*(42/8)/(-7). Suppose -2*o + 4*s + 81 = n*s, -o = -5*s - 27. What is the units digit of o?
2
Suppose 0*j + 5*q + 35 = 5*j, -2*q - 24 = -4*j. Suppose 162 = 14*k - j*k. What is the units digit of (k/(-15))/((-4)/30)?
9
Suppose 5*p + 4 = 4*p - w, 0 = 2*p - 4*w - 16. Suppose p = 13*n - 6*n - 686. What is the units digit of n?
8
Suppose -16*w + 14*w - 4 = 0. Let m be 3 - w - 3/(-3). What is the units digit of (-164)/m*(-4 - -1)?
2
Let o(k) = 11*k**2 + 19*k - 206. What is the thousands digit of o(-20)?
3
Suppose 5*v - 4*v - 13 = 0. Let b = v + -9. Suppose -5*k + 16 = 2*r, -2*k = b*r - r - 13. What is the units digit of r?
3
Suppose 5*i = 3*q - 112, 5*i + q = -59 - 37. Let f = i - -35. What is the units digit of f?
5
Let u(o) = -o**3 + 10*o**2 + 20*o - 21. Let x be u(9). Suppose 3*b + x = 3*p, -4*b + 71 = 2*p - 107. What is the units digit of p?
3
Let g(u) = 3*u**3 - 51*u**2 - 51*u + 2. What is the tens digit of g(21)?
2
Suppose -2*p = -h + 89, 2 = 4*p + 10. What is the units digit of h?
5
Let i = 16 + -11. Suppose -q = -i*q + 5*y + 36, -2*y - 8 = 0. Suppose 41 = w + q*m, m = 4*w - 31 - 48. What is the units digit of w?
1
Suppose -3*g + 6*j + 1 = 5*j, -5*j - 19 = -g. What is the hundreds digit of 126 + g/(-2) + (-5)/10?
1
Let j = 237 + 1905. What is the thousands digit of j?
2
Let d be 2/(-5) + (-60)/(-25). Let f be ((-9)/(-6))/(d/96). Let q = f + -17. What is the tens digit of q?
5
Suppose 0 = -3*f - s + 66 + 215, f - s = 91. Suppose -6*o = -f - 147. What is the units digit of o?
0
Let f(l) = 29*l**2 - l. Let y(g) = 3*g - 7. Let r(i) = i - 2. Let k(h) = -17*r(h) + 6*y(h). Let c be k(7). What is the units digit of f(c)?
0
Let c be (-3)/(-2)*344/6. Suppose -3*b = 566 - c. What is the tens digit of (-1)/(-3) - b/6?
2
Let a(y) = -4*y + 27. Let j be a(13). Let c = j - -93. What is the units digit of c?
8
Let z(i) = 8*i**3 + 7*i**2 - 20*i + 22. What is the units digit of z(5)?
7
Let u(b) be the first derivative of -9*b - 3/2*b**2 - 5. What is the units digit of u(-6)?
9
Suppose -2*j = -3*h - j + 1684, -2*h + 2*j + 1120 = 0. What is the units digit of h?
2
Suppose 24 = -2*i + 3*c - 7*c, 0 = 2*i - 3*c + 45. What is the tens digit of (-47)/(-3) - (-12)/i*1?
1
Suppose 22 - 32 = -5*t. Suppose a + 3*a + 42 = 2*r, t*r - 60 = -5*a. What is the units digit of 6 + -6 + 2*r?
0
Let r(z) = z**3 + 16*z**2 + 36*z + 44. What is the hundreds digit of r(-12)?
1
Let y be ((-2)/(-3))/(-4 + 76/18). Suppose -y = k - 4*q + 5, 9 = 3*k - q. What is the units digit of k?
4
Let t(g) = -21*g - 1. Let v(q) = -q + 5. Suppose -2*s - 3*s + 35 = 0. Let n be v(s). What is the units digit of t(n)?
1
What is the tens digit of ((-5)/((-10)/3))/((-3)/(-126))?
6
Let k = 34 + -24. Suppose -5*i = k, -i + 5*i + 8 = -2*a. Suppose a = -5*s - 4*d + 6*d + 59, 2*d - 71 = -5*s. What is the tens digit of s?
1
Let a be 1 + (-16)/(-12)*54/(-4). Let j = 40 - a. What is the units digit of j?
7
Suppose -4*k + 3*l = -32 - 76, -5*l - 68 = -2*k. Suppose -k*t = -26*t + 294. What is the hundreds digit of t?
1
Let v(q) = 1. Let a(j) = -j**3 - 9*j**2 + 12*j + 1. Let u(m) = -a(m) - 6*v(m). Suppose 5*r = 20, -r + 36 = -4*n - 2*r. What is the tens digit of u(n)?
1
Suppose 5*r - 2*g - 2099 = 0, 8*r - 3*g = 5*r + 1263. What is the hundreds digit of r?
4
Suppose -841 = 14*y - 45893. What is the units digit of y?
8
Suppose -782 - 2778 = -4*q. What is the tens digit of q?
9
Suppose -10*k = -6641 - 1129. What is the units digit of k?
7
Let a(z) = z**2 + 5*z - 13. Let b be a(-6). Let p(f) = -f**3 - 3*f**2 - 7*f + 13. What is the hundreds digit of p(b)?
2
Let z(j) = -19*j**2 - 2*j - 10. Let a(p) = -38*p**2 - 5*p - 21. Let y(o) = 6*a(o) - 13*z(o). What is the units digit of y(2)?
2
Let h = -97 + 208. Suppose 4*s + h + 77 = 4*m, 4*s - 20 = 0. What is the tens digit of m?
5
Let y(t) = -t**3 + 2*t**2 - 6*t - 12. Let a be y(6). Let m = -12 - a. What is the units digit of m?
0
Suppose 0*u + u = -10. Let m = 218 + u. What is the units digit of m?
8
Let s(j) = -141*j - 98. What is the hundreds digit of s(-10)?
3
Let n be (-1)/4 + (-39)/(-12). Let b be 7452/45 + n/(-5). Suppose 3*r - 8*r + b = 0. What is the units digit of r?
3
Let d(q) = 10 + 3 + 0*q + q. Let m be d(-11). Let c = m - -12. What is the tens digit of c?
1
Let z be 1/(-2) + (-15)/(-6). Suppose -2*y - y + 89 = -2*a, -4*y = z*a + 68. What is the tens digit of (-1)/(-5) - 712/a?
1
Suppose -3*y + 6*y = 30. Suppose 0 = -b + 2, -2*b + 3*b + y = -3*x. What is the tens digit of x + 135/3 - 3?
3
Let u(b) = -b + 9. Let f be u(7). Suppose -4*z + 10 = -f. What is the units digit of 8/(-12) - (-83)/z?
7
Suppose 10*b = 11*b - 839. What is the hundreds digit of b?
8
Let c(s) = 6*s**3 - 3*s**2 + 14*s - 16. What is the hundreds digit of c(6)?
2
Suppose 0 = 11*b - 6854 - 11692. What is the units digit of b?
6
Let c(u) = -u + 31. Let p be c(0). Let t = 23 - p. Let b(k) = k + 19. What is the tens digit of b(t)?
1
Suppose 24*k - 1743 + 639 = 0. What is the tens digit of k?
4
Suppose -3 = s - 2*o, 4*s + 4*o - 15 = 3*o. Suppose 0 = s*k + 5*k. Suppose -g - 6 + 1 = k, -5*a + 4*g + 260 = 0. What is the units digit of a?
8
Suppose -5*s + 61 = -3*x + 6*x, -s = 3*x - 65. Suppose -x*z + 756 = -13*z. What is the tens digit of z?
8
Suppose t = 488 + 19. What is the tens digit of t?
0
Let g = 21 + -21. Suppose -w - 12 = -4*u, -4*w + g = -5*u + 26. Suppose -5*s = u*i - 98, -3*i + 151 = -s + 4. What is the units digit of i?
9
Let l(g) = -g**3 + 2*g - 1. Let o be l(-2). Suppose s + 54 = h, -4*h + o*s = -0*s - 212. What is the units digit of h?
0
Let f(v) = -v**2 - 4*v - 10. Let j(i) = i**2 + 1. Let y(o) = f(o) + 3*j(o). Let m be 4 + -6 - 1/1. What is the units digit of y(m)?
3
Let g(n) = -n + 5. Let b be g(4). What is the tens digit of 5*(-1)/b*(2 - 15)?
6
Let o(n) = -5*n + 4. Let p(s) = -3*s - 38. Let d be p(-11). What is the tens digit of o(d)?
2
Let j(d) = 2*d**2 - 10*d - 11. Let p be 5/15 - 46/(-6). What is t